 d be -1 - (52 - u)/(-2). Calculate the remainder when (d/(-14))/((-4)/126) is divided by 19.
16
Let y(r) = 2*r + 14. Let u be y(-3). Suppose -k = 7*k - u. What is the remainder when 120 is divided by k/(4 - (-1)/(22/(-86)))?
10
Let n be (-4)/((-12)/(-219)) - 3. Let z = n - -181. Let k = z + -57. Calculate the remainder when k is divided by 13.
9
Let g = 12 - 20. Let v(j) = j - 14. Let z be v(g). Let a = z + 55. Calculate the remainder when a is divided by 18.
15
Calculate the remainder when (-6690)/24*(-312)/65 is divided by 335.
333
Let y be (7/(35/(-29)))/(2/(-10)). Suppose y*n - 40*n = -594. What is the remainder when 207 is divided by n?
45
Let o = -32 - -53. Let h(p) = 7*p**2 - 12*p - 26. Let g be h(-2). Suppose 14 + g = j. What is the remainder when j is divided by o?
19
Let x = 111 + -93. Let z = 209 + -178. What is the remainder when z is divided by x?
13
Let u = 6983 + -6406. Calculate the remainder when u is divided by 84.
73
Suppose 4*w = 5*w - 3*n - 49, -62 = -2*w - 3*n. Suppose 0 = 4*v - 4*o + 8*o - 752, -2*v + 386 = 4*o. Calculate the remainder when v is divided by w.
35
Let l(r) = -r**3 - 2*r**2 - 4*r. Let u be l(-4). Let k = 53 - u. Suppose 10 = k*j, -2*y + 11 = -y + j. Calculate the remainder when y is divided by 6.
3
Suppose 47034 = -34*t + 178*t - 10*t. Calculate the remainder when t is divided by 26.
13
Suppose 7*x + 3*g + 140 = 12*x, 3*g - 60 = -3*x. What is the remainder when 449 is divided by x?
24
Let w(m) = m**2 + 6*m + 5. Let t(k) = -k + 153. Let a be t(25). Suppose 11*x - a = 389. Calculate the remainder when x is divided by w(-6).
2
Let n(s) = s**2 - 10*s + 54. Let k be (-396)/22*4/(-6). Calculate the remainder when n(k) is divided by (-18)/(-12)*(-40)/(-3).
18
Let g(q) = q**3 + 11*q**2 + 5*q - 4. Let j be g(-10). Suppose 3*l - 10 = -j. Let n(a) = -4*a - 1. What is the remainder when n(l) is divided by 12?
11
Suppose -62*u - 12 = -66*u. Suppose 7*x = -u*x + 210. What is the remainder when 837 is divided by x?
18
Let w(a) = 20*a - 86. Let p(b) = -59*b + 259. Let o(q) = -3*p(q) - 8*w(q). Let v(g) = -3*g - 7. What is the remainder when o(7) is divided by v(-8)?
13
Suppose 171*j + 4*a = 166*j + 755, a = -5. Calculate the remainder when j is divided by 34.
19
Let h(m) = -12*m + 4. What is the remainder when h(-3) is divided by 5 + (25 + 94)/17?
4
Let t = -60 - -71. Let j = 30 - t. What is the remainder when (-1 - 2) + (-59)/(-1) is divided by j?
18
Let a = 4458 + -4275. What is the remainder when 317 is divided by a?
134
Let a(c) = 24*c + 68. Let z be a(-2). Let w(r) = r**3 - 18*r**2 - 42*r + 60. What is the remainder when w(z) is divided by 7?
6
Let v = 2 - -3. Suppose -b = -h + 11, -b + 16 = -3*h + 51. Calculate the remainder when h/10*v*1 is divided by 2.
0
Let u(p) = p**2 + 73*p + 524. What is the remainder when 127 is divided by u(-8)?
3
Suppose 2*u + 3*s = 548 + 1085, -3*u = -4*s - 2441. Calculate the remainder when u is divided by 69.
56
Let g(n) = -50*n + 1779. What is the remainder when 310 is divided by g(34)?
73
Suppose 0 = 5*j - 17 + 22. Let m = 6 + j. Suppose -2*a - 27 = -m*a. Calculate the remainder when 16 is divided by a.
7
Calculate the remainder when 16713/(-18)*2/(-3) is divided by 26.
21
Suppose -7*c - 5*p - 658 = -9*c, -c + 331 = -3*p. What is the remainder when 967 is divided by c?
10
Suppose 20*m + 87 = 247. Let y(s) be the first derivative of -s**4/4 - 14*s**3/3 + 3*s + 2. Calculate the remainder when m is divided by y(-14).
2
Let i = -115 - -119. Let m(s) = 5*s + 12. Let h = 18 + -7. Calculate the remainder when m(i) is divided by h.
10
Let x(u) = -u**3 + 18*u**2 - u + 42. Let o = -45 - -63. What is the remainder when 84 is divided by x(o)?
12
Let n(r) = 2*r**2 - 6*r - 11. Let c(y) = -y**3 + 6*y**2 + y + 2. Let q be c(6). Calculate the remainder when n(q) is divided by ((-96)/(-36) + -2)/(2/54).
15
Suppose 775 = 27*i - 8. What is the remainder when 622 is divided by i?
13
Suppose 4*m - 15 - 13 = 0. Suppose 0 = m*z - 2429 + 252. Let r = z + -218. Calculate the remainder when r is divided by 24.
21
Let i(f) = -2*f**2 + 41*f - 185. What is the remainder when 15/(-5) - 46*-1 is divided by i(7)?
3
Suppose -2*t + 93 - 101 = 0. What is the remainder when 69 is divided by (8 + 0)*3 - t?
13
Suppose z = 47*x - 49*x + 61, -z = -3. Calculate the remainder when 520 is divided by x.
27
Suppose 109*g - 108*g - 142 = 4*i, 3*g + 4*i = 538. What is the remainder when g is divided by 136?
34
Let a(t) = 2*t**3 + t. Let m be a(1). Suppose 4*i - m*s = 195, -4*s = -11*i + 13*i - 114. What is the remainder when i is divided by 6?
3
Let j be 70/(-105) + 256/6. Suppose -11*n + j*n - 1271 = 0. Calculate the remainder when 152 is divided by n.
29
Suppose -b + 3*d + 7 = d, b - 3*d - 4 = 0. Let u(s) = -82*s + 336. Calculate the remainder when b is divided by u(4).
5
Suppose z = 3*x + 6, 0 = -6*z + 8*z + 4*x + 8. Suppose 5*i + 3*l - 97 = z, l = 5*i + 2*l - 99. Calculate the remainder when 89 is divided by i.
9
Suppose w - 190 - 99 = 4*z, 3*w + 5*z - 782 = 0. Calculate the remainder when w is divided by 35 + 2*4*(-15)/24.
29
Suppose 2*b - 7 = -i + 51, 4*b = -3*i + 170. What is the remainder when 151 is divided by i?
43
Suppose -2*o + o + 4*k = -1426, -5*k + 7205 = 5*o. What is the remainder when o is divided by 30?
28
Suppose 0*i - 2*i = -404. Suppose 2*x + i = 564. Let m(j) = j**3 - 27*j**2 + 29*j - 32. What is the remainder when x is divided by m(26)?
43
Calculate the remainder when 7/(35/942) + -15*(-9)/225 is divided by 110.
79
Let d be 1/(-2) + (-1)/(-2). Suppose -j - 4*j + 335 = d. Let c = -9260 - -9283. What is the remainder when j is divided by c?
21
Let u be 38/14 - 10/(-35). Let b = -2646 - -2715. Suppose -6 = -u*h + b. What is the remainder when 74 is divided by h?
24
What is the remainder when -3 + 7 + 1422/(-198) + (-10375)/(-11) is divided by 71?
17
Let y(u) = -2*u**2 + 6*u + 38. Let m be y(6). Suppose m*x - 29 = 5*d, 0 = -2*x - 2*d - d + 53. Calculate the remainder when 108 is divided by x.
20
Let k be (-8)/8 - -1*6. Suppose -k*p - 2*x + 482 = 0, 3*p - 2*x + 3*x = 290. What is the remainder when p is divided by 40?
18
Calculate the remainder when 59 is divided by (-2)/(-5)*80 + 5.
22
Suppose 41*f - 400 = 25*f. Suppose -55 = -2*a + f. Suppose -t - j = -6*j - 92, j + 388 = 5*t. What is the remainder when t is divided by a?
37
Calculate the remainder when (446/3)/(16/24) is divided by 5.
3
Let c(b) = b**2 + 14*b - 107. What is the remainder when -2*(1 + 50/(-4)) is divided by c(6)?
10
Suppose -51*a = 38*a + 16*a - 44940. Suppose i + p + p = 5, 3*p = i - 25. What is the remainder when a is divided by i?
12
What is the remainder when (((-4)/6)/(10/(-15)))/((-65)/(-13260)) is divided by 66?
6
Let k(i) = 76*i**2 + i. Suppose 2*z = 4*z - 4*t - 676, -5*t = 0. Suppose 21*b - z = -5*b. What is the remainder when k(1) is divided by b?
12
Suppose 4*c + 20 = 0, -29*c = 4*a - 32*c - 71. Calculate the remainder when 419 is divided by a.
13
Let j = -16 - -33. Suppose -j*k + 19*k - 372 = 0. Let d = 32 + -15. Calculate the remainder when k is divided by d.
16
Let u(b) = 4*b**2 - 14*b - 67. Let f be u(15). Suppose -5*d + f = 2*d. Let k = 55 - 25. Calculate the remainder when d is divided by k.
29
Let c(f) = -f**3 - 46*f**2 + 95*f + 530. Calculate the remainder when c(-48) is divided by 163.
89
Let o(u) = -u**2 + 67*u - 305. Let l be o(5). Suppose -l = -5*p, p + 69 = -2*f + 310. Calculate the remainder when f is divided by 61.
59
Suppose 3*u = 2*y - 16, -103 + 27 = 38*u. Suppose -1 - 9 = h. Let c = h - -18. What is the remainder when c is divided by y?
3
Let v = 33 + 1335. Calculate the remainder when v is divided by 272.
8
Suppose 24*w = -16*w + 36*w - 184. Suppose 3*m - 195 = f + 2*f, 0 = -4*f + 5*m - 262. Let u = w - f. Calculate the remainder when u is divided by 3.
2
Let b = -13683 + 13892. Calculate the remainder when b is divided by 1392/40 + (-2)/(-10).
34
Suppose 0 = -19*i - 181 + 1245. Calculate the remainder when (-7)/(i/(-64)) + 405 is divided by 70.
63
Let d be 6/(-9) - (-20)/(-6). Let c = 230 + -223. What is the remainder when (78/(-5))/(d/10) is divided by c?
4
Let i be 299/7 - (38/14 - 3). Suppose 38*y = i*y - 475. What is the remainder when y is divided by 20?
15
Suppose 8*z = 7*z - 13. Let o = z - -38. Calcula